{"id":11983,"date":"2016-07-26T09:11:56","date_gmt":"2016-07-26T09:11:56","guid":{"rendered":"http:\/\/ifa.weilhalt.de\/en\/?page_id=11983"},"modified":"2017-07-17T09:55:10","modified_gmt":"2017-07-17T09:55:10","slug":"ifa-aid-international","status":"publish","type":"page","link":"https:\/\/ifa-flugambulanz.de\/en\/ifa-aid-international\/","title":{"rendered":"IFA AID international"},"content":{"rendered":"<div class=\"fusion-fullwidth fullwidth-box fusion-builder-row-1 hundred-percent-fullwidth non-hundred-percent-height-scrolling\" style=\"--awb-border-radius-top-left:0px;--awb-border-radius-top-right:0px;--awb-border-radius-bottom-right:0px;--awb-border-radius-bottom-left:0px;--awb-overflow:visible;--awb-flex-wrap:wrap;\" ><div class=\"fusion-builder-row fusion-row\"><div class=\"fusion-layout-column fusion_builder_column fusion-builder-column-0 fusion_builder_column_1_1 1_1 fusion-one-full fusion-column-first fusion-column-last fusion-column-no-min-height\" style=\"--awb-bg-size:cover;--awb-margin-bottom:0px;\"><div class=\"fusion-column-wrapper fusion-flex-column-wrapper-legacy\"><div class=\"fusion-text fusion-text-1\"><h2>The work of Internationale Flugambulanz e.V. stretches far beyond caring for its members<\/h2>\n<\/div><div class=\"fusion-text fusion-text-2\"><p><span style=\"line-height: 1.5;\">Our association is committed to helping others, and has supported many projects over the past few years. International humanitarian aid is just as important to us as sponsoring regional associations and supporting local institutions.Um anderen zu helfen, hat unser Verein auch in den letzten Jahren zahlreiche Projekte unterst\u00fctzt. Internationale humanit\u00e4re Hilfe ist uns dabei genauso wichtig wie z. B. das Sponsern regionaler Vereine oder die Unterst\u00fctzung \u00f6rtlicher Einrichtungen.<\/span><\/p>\n<\/div><div class=\"fusion-text fusion-text-3\"><h1>INTERNATIONAL AID<\/h1>\n<\/div><div class=\"fusion-clearfix\"><\/div><\/div><\/div><div class=\"fusion-layout-column fusion_builder_column fusion-builder-column-1 fusion_builder_column_1_2 1_2 fusion-one-half fusion-column-first\" style=\"--awb-bg-size:cover;width:48%; margin-right: 4%;\"><div class=\"fusion-column-wrapper fusion-flex-column-wrapper-legacy\"><div class=\"fusion-image-element in-legacy-container\" style=\"--awb-caption-title-font-family:var(--h2_typography-font-family);--awb-caption-title-font-weight:var(--h2_typography-font-weight);--awb-caption-title-font-style:var(--h2_typography-font-style);--awb-caption-title-size:var(--h2_typography-font-size);--awb-caption-title-transform:var(--h2_typography-text-transform);--awb-caption-title-line-height:var(--h2_typography-line-height);--awb-caption-title-letter-spacing:var(--h2_typography-letter-spacing);\"><span class=\" fusion-imageframe imageframe-none imageframe-1 hover-type-none\"><img decoding=\"async\" width=\"280\" height=\"180\" title=\"kinder_ecuador_280\" src=\"https:\/\/ifa-flugambulanz.de\/wp-content\/uploads\/2016\/07\/kinder_ecuador_280.jpg\" alt class=\"img-responsive wp-image-12736\" srcset=\"https:\/\/ifa-flugambulanz.de\/wp-content\/uploads\/2016\/07\/kinder_ecuador_280-200x129.jpg 200w, https:\/\/ifa-flugambulanz.de\/wp-content\/uploads\/2016\/07\/kinder_ecuador_280.jpg 280w\" sizes=\"(max-width: 800px) 100vw, 280px\" \/><\/span><\/div><div class=\"fusion-clearfix\"><\/div><\/div><\/div><div class=\"fusion-layout-column fusion_builder_column fusion-builder-column-2 fusion_builder_column_1_2 1_2 fusion-one-half fusion-column-last\" style=\"--awb-bg-size:cover;width:48%;\"><div class=\"fusion-column-wrapper fusion-flex-column-wrapper-legacy\"><div class=\"fusion-image-element in-legacy-container\" style=\"--awb-caption-title-font-family:var(--h2_typography-font-family);--awb-caption-title-font-weight:var(--h2_typography-font-weight);--awb-caption-title-font-style:var(--h2_typography-font-style);--awb-caption-title-size:var(--h2_typography-font-size);--awb-caption-title-transform:var(--h2_typography-text-transform);--awb-caption-title-line-height:var(--h2_typography-line-height);--awb-caption-title-letter-spacing:var(--h2_typography-letter-spacing);\"><span class=\" fusion-imageframe imageframe-none imageframe-2 hover-type-none\"><img decoding=\"async\" width=\"280\" height=\"180\" title=\"kinderkrankenhaus_280\" src=\"https:\/\/ifa-flugambulanz.de\/wp-content\/uploads\/2016\/07\/kinderkrankenhaus_280.jpg\" alt class=\"img-responsive wp-image-12739\" srcset=\"https:\/\/ifa-flugambulanz.de\/wp-content\/uploads\/2016\/07\/kinderkrankenhaus_280-200x129.jpg 200w, https:\/\/ifa-flugambulanz.de\/wp-content\/uploads\/2016\/07\/kinderkrankenhaus_280.jpg 280w\" sizes=\"(max-width: 800px) 100vw, 280px\" \/><\/span><\/div><div class=\"fusion-clearfix\"><\/div><\/div><\/div><div class=\"fusion-layout-column fusion_builder_column fusion-builder-column-3 fusion_builder_column_1_1 1_1 fusion-one-full fusion-column-first fusion-column-last fusion-column-no-min-height\" style=\"--awb-bg-size:cover;--awb-margin-bottom:0px;\"><div class=\"fusion-column-wrapper fusion-flex-column-wrapper-legacy\"><div class=\"fusion-text fusion-text-4\"><h2>Support of the Alfons Goppel Foundation<\/h2>\n<p>The IFA has contributed to the <strong>education of underprivileged Ecuadorian schoolchildren<\/strong> and supported public institutions in Ecuador through the Alfons Goppel Foundation since 1992.<\/p>\n<\/div><div class=\"fusion-text fusion-text-5\"><h2>Aid for Belarus<\/h2>\n<p>In 1992, the IFA organized <strong>the largest aid project in postwar history for Belarus<\/strong> with the two district chapters of the German Red Cross in Leipzig.<\/p>\n<p>Further aid projects were also carried out in cooperation with other organizations between 1993 and 1995.<\/p>\n<p>Since 1995, the IFA has organized expert conferences on current topics in emergency medicine.<\/p>\n<h2><span style=\"font-size: 16px; line-height: 1.5;\">Seit 1995 veranstaltete die <\/span><span style=\"color: #ff0000;\">IFA<\/span><span style=\"font-size: 16px; line-height: 1.5;\"> Fachkongresse zu aktuellen Themen aus der Notfallmedizin<\/span><\/h2>\n<\/div><div class=\"fusion-text fusion-text-6\"><h2>Aid project for children injured by landmines in Sarajevo<\/h2>\n<p>In the summer of 1997, the IFA embarked on one of its largest aid projects since it was founded.<\/p>\n<p>After making contact with UNESCO Special Ambassador Ute Ohoven, a team of IFA doctors launched an immediate aid program for children injured by landmines in Sarajevo. This involved delivering long-awaited specialist doctors and an extensive range of medical equipment to the Bosnian capital in what became known as the <strong>&#8220;air lift of hope&#8221;<\/strong>.<\/p>\n<p>The IFA doctors received great recognition from all levels of society. Even <strong>Michael Schumacher<\/strong>visited the affected area in his role as a UNESCO Special Ambassador, and <strong>praised the work of the IFA.<\/strong><\/p>\n<p>UNESCO were also impressed by the success of the operation, and signed a contract in 1998 to work closely with the IFA in Bosnia. This reflects not only a significant event in the history of the association, but also <strong>wide recognition of\u00a0 our worldwide humanitarian activities.<\/strong><\/p>\n<h2><span style=\"font-size: 16px; line-height: 1.5;\">Auch die UNESCO w\u00fcrdigte den Einsatz der <\/span><span style=\"color: #ff0000;\">IFA<\/span><span style=\"font-size: 16px; line-height: 1.5;\"> und schloss 1998 mit ihr einen Vertrag \u00fcber eine enge Zusammenarbeit in Bosnien ab. Dies ist nicht nur ein bedeutender H\u00f6hepunkt in der Vereinsgeschichte, sondern eine <\/span><strong style=\"font-size: 16px; line-height: 1.5;\">hohe Anerkennung unserer weltweiten humanit\u00e4ren Aktivit\u00e4ten.<\/strong><\/h2>\n<\/div><div class=\"fusion-text fusion-text-7\"><p><strong>The IFA will continue to support humanitarian projects and people in need around the world.<\/strong><\/p>\n<\/div><div class=\"fusion-clearfix\"><\/div><\/div><\/div><\/div><\/div>\n","protected":false},"excerpt":{"rendered":"","protected":false},"author":1,"featured_media":0,"parent":0,"menu_order":0,"comment_status":"closed","ping_status":"closed","template":"","meta":{"footnotes":""},"class_list":["post-11983","page","type-page","status-publish","hentry"],"_links":{"self":[{"href":"https:\/\/ifa-flugambulanz.de\/en\/wp-json\/wp\/v2\/pages\/11983","targetHints":{"allow":["GET"]}}],"collection":[{"href":"https:\/\/ifa-flugambulanz.de\/en\/wp-json\/wp\/v2\/pages"}],"about":[{"href":"https:\/\/ifa-flugambulanz.de\/en\/wp-json\/wp\/v2\/types\/page"}],"author":[{"embeddable":true,"href":"https:\/\/ifa-flugambulanz.de\/en\/wp-json\/wp\/v2\/users\/1"}],"replies":[{"embeddable":true,"href":"https:\/\/ifa-flugambulanz.de\/en\/wp-json\/wp\/v2\/comments?post=11983"}],"version-history":[{"count":2,"href":"https:\/\/ifa-flugambulanz.de\/en\/wp-json\/wp\/v2\/pages\/11983\/revisions"}],"predecessor-version":[{"id":12118,"href":"https:\/\/ifa-flugambulanz.de\/en\/wp-json\/wp\/v2\/pages\/11983\/revisions\/12118"}],"wp:attachment":[{"href":"https:\/\/ifa-flugambulanz.de\/en\/wp-json\/wp\/v2\/media?parent=11983"}],"curies":[{"name":"wp","href":"https:\/\/api.w.org\/{rel}","templated":true}]}}

<div class="fusion-fullwidth fullwidth-box fusion-builder-row-1 hundred-percent-fullwidth non-hundred-percent-height-scrolling" style="--awb-border-radius-top-left:0px;--awb-border-radius-top-right:0px;--awb-border-radius-bottom-right:0px;--awb-border-radius-bottom-left:0px;--awb-overflow:visible;--awb-flex-wrap:wrap;" ><div class="fusion-builder-row fusion-row"><div class="fusion-layout-column fusion_builder_column fusion-builder-column-0 fusion_builder_column_1_1 1_1 fusion-one-full fusion-column-first fusion-column-last fusion-column-no-min-height" style="--awb-bg-size:cover;--awb-margin-bottom:0px;"><div class="fusion-column-wrapper fusion-flex-column-wrapper-legacy"><div class="fusion-text fusion-text-1"><h2>The work of Internationale Flugambulanz e.V. stretches far beyond caring for its members</h2>
</div><div class="fusion-text fusion-text-2"><p><span style="line-height: 1.5;">Our association is committed to helping others, and has supported many projects over the past few years. International humanitarian aid is just as important to us as sponsoring regional associations and supporting local institutions.Um anderen zu helfen, hat unser Verein auch in den letzten Jahren zahlreiche Projekte unterstützt. Internationale humanitäre Hilfe ist uns dabei genauso wichtig wie z. B. das Sponsern regionaler Vereine oder die Unterstützung örtlicher Einrichtungen.</span></p>
</div><div class="fusion-text fusion-text-3"><h1>INTERNATIONAL AID</h1>
</div><div class="fusion-clearfix"></div></div></div><div class="fusion-layout-column fusion_builder_column fusion-builder-column-1 fusion_builder_column_1_2 1_2 fusion-one-half fusion-column-first" style="--awb-bg-size:cover;width:48%; margin-right: 4%;"><div class="fusion-column-wrapper fusion-flex-column-wrapper-legacy"><div class="fusion-image-element in-legacy-container" style="--awb-caption-title-font-family:var(--h2_typography-font-family);--awb-caption-title-font-weight:var(--h2_typography-font-weight);--awb-caption-title-font-style:var(--h2_typography-font-style);--awb-caption-title-size:var(--h2_typography-font-size);--awb-caption-title-transform:var(--h2_typography-text-transform);--awb-caption-title-line-height:var(--h2_typography-line-height);--awb-caption-title-letter-spacing:var(--h2_typography-letter-spacing);"><span class=" fusion-imageframe imageframe-none imageframe-1 hover-type-none"><img decoding="async" width="280" height="180" title="kinder_ecuador_280" src="https://ifa-flugambulanz.de/wp-content/uploads/2016/07/kinder_ecuador_280.jpg" alt class="img-responsive wp-image-12736" srcset="https://ifa-flugambulanz.de/wp-content/uploads/2016/07/kinder_ecuador_280-200x129.jpg 200w, https://ifa-flugambulanz.de/wp-content/uploads/2016/07/kinder_ecuador_280.jpg 280w" sizes="(max-width: 800px) 100vw, 280px" /></span></div><div class="fusion-clearfix"></div></div></div><div class="fusion-layout-column fusion_builder_column fusion-builder-column-2 fusion_builder_column_1_2 1_2 fusion-one-half fusion-column-last" style="--awb-bg-size:cover;width:48%;"><div class="fusion-column-wrapper fusion-flex-column-wrapper-legacy"><div class="fusion-image-element in-legacy-container" style="--awb-caption-title-font-family:var(--h2_typography-font-family);--awb-caption-title-font-weight:var(--h2_typography-font-weight);--awb-caption-title-font-style:var(--h2_typography-font-style);--awb-caption-title-size:var(--h2_typography-font-size);--awb-caption-title-transform:var(--h2_typography-text-transform);--awb-caption-title-line-height:var(--h2_typography-line-height);--awb-caption-title-letter-spacing:var(--h2_typography-letter-spacing);"><span class=" fusion-imageframe imageframe-none imageframe-2 hover-type-none"><img decoding="async" width="280" height="180" title="kinderkrankenhaus_280" src="https://ifa-flugambulanz.de/wp-content/uploads/2016/07/kinderkrankenhaus_280.jpg" alt class="img-responsive wp-image-12739" srcset="https://ifa-flugambulanz.de/wp-content/uploads/2016/07/kinderkrankenhaus_280-200x129.jpg 200w, https://ifa-flugambulanz.de/wp-content/uploads/2016/07/kinderkrankenhaus_280.jpg 280w" sizes="(max-width: 800px) 100vw, 280px" /></span></div><div class="fusion-clearfix"></div></div></div><div class="fusion-layout-column fusion_builder_column fusion-builder-column-3 fusion_builder_column_1_1 1_1 fusion-one-full fusion-column-first fusion-column-last fusion-column-no-min-height" style="--awb-bg-size:cover;--awb-margin-bottom:0px;"><div class="fusion-column-wrapper fusion-flex-column-wrapper-legacy"><div class="fusion-text fusion-text-4"><h2>Support of the Alfons Goppel Foundation</h2>
<p>The IFA has contributed to the <strong>education of underprivileged Ecuadorian schoolchildren</strong> and supported public institutions in Ecuador through the Alfons Goppel Foundation since 1992.</p>
</div><div class="fusion-text fusion-text-5"><h2>Aid for Belarus</h2>
<p>In 1992, the IFA organized <strong>the largest aid project in postwar history for Belarus</strong> with the two district chapters of the German Red Cross in Leipzig.</p>
<p>Further aid projects were also carried out in cooperation with other organizations between 1993 and 1995.</p>
<p>Since 1995, the IFA has organized expert conferences on current topics in emergency medicine.</p>
<h2><span style="font-size: 16px; line-height: 1.5;">Seit 1995 veranstaltete die </span><span style="color: #ff0000;">IFA</span><span style="font-size: 16px; line-height: 1.5;"> Fachkongresse zu aktuellen Themen aus der Notfallmedizin</span></h2>
</div><div class="fusion-text fusion-text-6"><h2>Aid project for children injured by landmines in Sarajevo</h2>
<p>In the summer of 1997, the IFA embarked on one of its largest aid projects since it was founded.</p>
<p>After making contact with UNESCO Special Ambassador Ute Ohoven, a team of IFA doctors launched an immediate aid program for children injured by landmines in Sarajevo. This involved delivering long-awaited specialist doctors and an extensive range of medical equipment to the Bosnian capital in what became known as the <strong>&#8220;air lift of hope&#8221;</strong>.</p>
<p>The IFA doctors received great recognition from all levels of society. Even <strong>Michael Schumacher</strong>visited the affected area in his role as a UNESCO Special Ambassador, and <strong>praised the work of the IFA.</strong></p>
<p>UNESCO were also impressed by the success of the operation, and signed a contract in 1998 to work closely with the IFA in Bosnia. This reflects not only a significant event in the history of the association, but also <strong>wide recognition of  our worldwide humanitarian activities.</strong></p>
<h2><span style="font-size: 16px; line-height: 1.5;">Auch die UNESCO würdigte den Einsatz der </span><span style="color: #ff0000;">IFA</span><span style="font-size: 16px; line-height: 1.5;"> und schloss 1998 mit ihr einen Vertrag über eine enge Zusammenarbeit in Bosnien ab. Dies ist nicht nur ein bedeutender Höhepunkt in der Vereinsgeschichte, sondern eine </span><strong style="font-size: 16px; line-height: 1.5;">hohe Anerkennung unserer weltweiten humanitären Aktivitäten.</strong></h2>
</div><div class="fusion-text fusion-text-7"><p><strong>The IFA will continue to support humanitarian projects and people in need around the world.</strong></p>
</div><div class="fusion-clearfix"></div></div></div></div></div>
